 12216530 is divided by 304.
290
Calculate the remainder when 224736095 is divided by 291.
287
What is the remainder when 226122184 is divided by 402?
400
Calculate the remainder when 1598276 is divided by 99806.
1380
What is the remainder when 183969 is divided by 45907?
341
Calculate the remainder when 16807563 is divided by 535.
3
Calculate the remainder when 48634531 is divided by 33.
22
Calculate the remainder when 49493275 is divided by 35.
20
Calculate the remainder when 28349239 is divided by 1323.
1318
Calculate the remainder when 2949460 is divided by 6629.
6184
Calculate the remainder when 3845324 is divided by 555.
284
Calculate the remainder when 114904488 is divided by 54.
48
What is the remainder when 63779298 is divided by 274?
44
Calculate the remainder when 318877 is divided by 800.
477
What is the remainder when 270919 is divided by 3261?
256
Calculate the remainder when 3314094 is divided by 1657032.
30
Calculate the remainder when 31283 is divided by 29576.
1707
Calculate the remainder when 565998 is divided by 19517.
5
Calculate the remainder when 11380860 is divided by 8.
4
Calculate the remainder when 17378 is divided by 524.
86
Calculate the remainder when 1597631 is divided by 399395.
51
What is the remainder when 9766679 is divided by 21371?
132
What is the remainder when 9330430 is divided by 872?
30
Calculate the remainder when 9218233 is divided by 230452.
153
Calculate the remainder when 97883 is divided by 12220.
123
Calculate the remainder when 6242347 is divided by 1524.
43
What is the remainder when 1732493 is divided by 1004?
593
Calculate the remainder when 128765 is divided by 266.
21
What is the remainder when 10817287 is divided by 314?
301
Calculate the remainder when 2349285 is divided by 10.
5
Calculate the remainder when 333130 is divided by 105.
70
What is the remainder when 6744737 is divided by 55?
32
What is the remainder when 153405502 is divided by 361?
357
Calculate the remainder when 112522738 is divided by 8454.
8452
Calculate the remainder when 256095 is divided by 51163.
280
What is the remainder when 62176148 is divided by 38?
16
Calculate the remainder when 7900235 is divided by 409.
400
What is the remainder when 12136407 is divided by 12136284?
123
What is the remainder when 925947 is divided by 84173?
44
What is the remainder when 2860242 is divided by 24?
18
Calculate the remainder when 267563558 is divided by 631.
628
Calculate the remainder when 523541 is divided by 47592.
29
What is the remainder when 67812 is divided by 67795?
17
Calculate the remainder when 134601 is divided by 169.
77
What is the remainder when 1241783 is divided by 430?
373
Calculate the remainder when 3187233 is divided by 47570.
43
What is the remainder when 10611032 is divided by 149?
146
Calculate the remainder when 375914 is divided by 467.
446
What is the remainder when 1943914 is divided by 1669?
1198
What is the remainder when 881703 is divided by 935?
933
What is the remainder when 9487504 is divided by 862496?
48
Calculate the remainder when 64169 is divided by 92.
45
What is the remainder when 649205 is divided by 1619?
1605
Calculate the remainder when 127504 is divided by 3447.
3412
What is the remainder when 77070089 is divided by 7658?
7635
Calculate the remainder when 6352070 is divided by 203.
200
Calculate the remainder when 1565097 is divided by 441.
429
What is the remainder when 7942737 is divided by 2396?
2393
What is the remainder when 41295 is divided by 5105?
455
What is the remainder when 81029022 is divided by 8094?
8082
What is the remainder when 67036 is divided by 203?
46
Calculate the remainder when 13205189 is divided by 550216.
5
Calculate the remainder when 7599095 is divided by 156.
23
What is the remainder when 1063233376 is divided by 1807?
1804
Calculate the remainder when 10805956 is divided by 2161191.
1
What is the remainder when 47624159 is divided by 705?
704
What is the remainder when 18090802 is divided by 29?
22
What is the remainder when 92708648 is divided by 2804?
2800
Calculate the remainder when 322795 is divided by 20171.
59
What is the remainder when 6090347 is divided by 126?
11
Calculate the remainder when 39672 is divided by 7825.
547
What is the remainder when 6716258 is divided by 106?
98
What is the remainder when 426056 is divided by 141941?
233
What is the remainder when 547970 is divided by 54701?
960
What is the remainder when 7007097 is divided by 152328?
9
Calculate the remainder when 1972246 is divided by 1891.
1824
Calculate the remainder when 2403966 is divided by 179.
175
Calculate the remainder when 1096233 is divided by 74.
71
Calculate the remainder when 1835285 is divided by 114.
113
What is the remainder when 2425958 is divided by 5391?
8
What is the remainder when 3497606 is divided by 31?
0
Calculate the remainder when 69195827 is divided by 1070.
1067
Calculate the remainder when 545504 is divided by 87.
14
What is the remainder when 7473479 is divided by 1302?
1301
Calculate the remainder when 251450 is divided by 83444.
1118
Calculate the remainder when 17931931 is divided by 28.
3
What is the remainder when 2765045 is divided by 4533?
4448
Calculate the remainder when 96708 is divided by 1861.
1797
Calculate the remainder when 701544 is divided by 3692.
64
Calculate the remainder when 1960989 is divided by 226.
213
What is the remainder when 526323 is divided by 175428?
39
What is the remainder when 2571492 is divided by 2571444?
48
What is the remainder when 389911 is divided by 632?
599
Calculate the remainder when 847539 is divided by 3996.
387
Calculate the remainder when 7988792 is divided by 94.
14
What is the remainder when 1207951 is divided by 301974?
55
Calculate the remainder when 12117 is divided by 2017.
15
Calculate the remainder when 99679464 is divided by 3026.
3024
Calculate the remainder when 253816317 is divided by 240.
237
Calculate the remainder when 629277 is divided by 22472.
61
What is the remainder when 1689953 is divided by 281634?
149
Calculate the remainder when 34481016 is divided by 34481009.
7
Calculate the remainder when 3004778 is divided by 151.
29
What is the remainder when 8704607 is divided by 537?
374
What is the remainder when 297158 is divided by 2500?
2158
What is the remainder when 5866706 is divided by 4100?
3706
What is the remainder when 4374718 is divided by 448?
446
Calculate the remainder when 233650338 is divided by 308.
306
Calculate the remainder when 789930 is divided by 262805.
1515
Calculate the remainder when 120521 is divided by 15017.
385
Calculate the remainder when 2268764 is divided by 87.
65
What is the remainder when 1444092 is divided by 5067?
5064
What is the remainder when 521258 is divided by 2?
0
Calculate the remainder when 11364 is divided by 1363.
460
Calculate the remainder when 17182125 is divided by 675.
0
Calculate the remainder when 4278737 is divided by 1226.
1223
What is the remainder when 380400 is divided by 1981?
48
What is the remainder when 177590672 is divided by 2041272?
8
What is the remainder when 62045679 is divided by 2344?
2343
Calculate the remainder when 1593761 is divided by 177081.
32
What is the remainder when 3013 is divided by 777?
682
What is the remainder when 16992403 is divided by 1062016?
147
What is the remainder when 1408958 is divided by 704476?
6
Calculate the remainder when 358808 is divided by 1840.
8
What is the remainder when 160538513 is divided by 24?
17
What is the remainder when 6037342 is divided by 14073?
25
What is the remainder when 11105633 is divided by 20?
13
Calculate the remainder when 1653667 is divided by 4543.
15
What is the remainder when 1460260 is divided by 127?
14
What is the remainder when 303942 is divided by 101264?
150
Calculate the remainder when 19888137 is divided by 68344.
33
What is the remainder when 74985598 is divided by 219?
217
What is the remainder when 1127565 is divided by 169?
166
What is the remainder when 57597989 is divided by 19199314?
47
Calculate the remainder when 577806 is divided by 15615.
51
What is the remainder when 1286045 is divided by 214336?
29
Calculate the remainder when 1803474 is divided by 25401.
3
What is the remainder when 5517063 is divided by 262717?
6
What